 4017. Is j prime?
False
Let o = -204509 + 416592. Is o a composite number?
True
Let l(w) = -109*w**3 + 24*w**2 - 8*w - 20. Is l(-9) composite?
False
Let x = 2480 - 336. Suppose b = -0*v + 2*v + 431, 5*b + v = x. Is ((-6)/18)/((-1)/b) a prime number?
False
Suppose 491*l - 495*l = -531788. Is l a prime number?
True
Let o be (42/49)/(2/(-28)). Let p = o - -16. Suppose -46 = g - p*h - 237, -4*g + 3*h + 790 = 0. Is g a composite number?
False
Suppose 2*l + 4541 = l + 3*z, z + 9061 = -2*l. Let m = -2459 - l. Let r = m + 286. Is r composite?
True
Let p(c) = 9307*c - 24. Let q be p(-6). Is q/(30/(-5))*1 composite?
False
Let b = 1243140 + -565117. Is b a composite number?
False
Let t(y) = -2675*y - 155. Let k(w) = 1336*w + 77. Let q(m) = 9*k(m) + 4*t(m). Is q(2) composite?
True
Let q(r) = -374*r + 37. Let s be q(-14). Is s/(-2)*(-42 + 40) a composite number?
False
Is 1 + (-26)/22 + 18 + (-2292175)/(-275) composite?
False
Let m = 111 - 116. Let x be (42/(-6))/((-1)/(-110)). Is m/30*-2 - x/3 a composite number?
False
Is (-29042871)/(-156) + 9/12 a prime number?
False
Is 3749298/8 + (2730/(-104) - -26) a composite number?
True
Suppose 5*t - 45 = 5*b, 3*b + 7 = 3*t + 4*b. Suppose t*f = -u - 27, 3*f - 30 = 5*u + 2*f. Is 3194*-1*-2*u/(-4) composite?
True
Let c(v) be the third derivative of -75*v**4/8 + 49*v**3/6 - 31*v**2 - 2*v. Is c(-6) prime?
True
Let w = 518 + -397. Suppose 5*d - 516 = -w. Is d composite?
False
Let a(m) = -m**3 - 8*m**2 + 4*m - 4260. Let b(k) = k**3 + 9*k**2 - 5*k + 4259. Let n(t) = -6*a(t) - 5*b(t). Is n(0) a prime number?
False
Let n = 96 + -96. Suppose -2*y + 3*y - 5367 = n. Let z = y - 3710. Is z a prime number?
True
Suppose -54*a + 55*a - 2 = 0. Let n(y) = 842*y**2 - y - 1. Is n(a) a prime number?
False
Let m(q) = 83*q + 11. Let b be m(-1). Let k = 69 + b. Is (2/k)/(-4*(-6)/(-245988)) a composite number?
False
Let a = -780 + 1682. Let p = -487 + a. Is p a prime number?
False
Let f(y) = y - 6. Let k be f(20). Suppose -k*a + 27*a - 6773 = 0. Is a a composite number?
False
Let y(v) = 159*v + 156. Let u be y(-4). Let t = u - -2659. Is t a composite number?
False
Let z(v) = -466*v - 385 + 298 + 149*v. Is z(-8) a prime number?
False
Let i(a) = 13*a**2 - 24 - 2 + 6*a - 14*a**2. Let p be i(14). Let s = p + 205. Is s prime?
True
Let x be (2 - 4)/((-6)/3747). Let v(d) = 385*d - 1. Let a be v(-2). Let c = a + x. Is c composite?
True
Let j(a) = 4*a**2 + 5*a - 5. Let m be j(1). Suppose -u - m*c = -1307, -5*u = -11*c + 14*c - 6586. Let s = u - -528. Is s prime?
True
Suppose -4*l + 57817 = -5*f, f + 3200 = l - 11255. Is l a composite number?
True
Suppose 10*o - 9 - 1 = 0. Let j be 10/((-5 - -1) + 1 + o). Let x(v) = -3*v**3 - 5*v**2 + 9*v - 11. Is x(j) a prime number?
False
Let t = 13 + -2. Let v(o) = -92*o + 32*o**2 + 88*o + t + 4*o**2. Is v(3) a prime number?
False
Is (-1 - 21/(-15))/(-4) - 54860751/(-110) a prime number?
False
Suppose -2*s + 36 = u - 4*u, 3*u = 3*s - 57. Let x be (12/(-21))/((-6)/s). Suppose -x*o = -6*o + 2292. Is o composite?
True
Suppose 2*l = 55*r - 56*r + 168212, -3*l = -r - 252303. Is l prime?
False
Let l(a) be the second derivative of -58*a**3 - 47*a**2/2 - 48*a. Is l(-15) a prime number?
False
Suppose 2*n = -z + 4*n - 6, 2*n - 6 = 2*z. Suppose z = f - 2*d + d - 7991, -2*f + 3*d = -15980. Is f a composite number?
False
Suppose -5*u = z - 17, 0 = 3*z + 2*u + 6 + 8. Is z/24*(-13624 + 1) composite?
True
Let z(t) be the second derivative of -3439*t**5/20 + t**4/6 + t**3 + t**2/2 - 139*t. Is z(-2) composite?
False
Suppose -5*i = 5*m + 630, 3*m + 295 + 213 = -4*i. Is (-10)/((-70)/(-21)) - i a composite number?
False
Let m be 7*1 - (-9 - (15 + -18)). Suppose -36570 = -m*i - 6293. Is i a prime number?
False
Suppose -2*z - 4*m - 53 = -515, 0 = -4*m + 12. Let f = 262 - z. Is f prime?
True
Suppose 7*d - 14746 = 21745. Let m = -4260 + 7974. Let n = d - m. Is n a composite number?
False
Let h = 1325 + -563. Let t = h - 527. Is t prime?
False
Suppose -12*j - 636789 = 11*j - 1580042. Is j prime?
True
Suppose -4*j - 8 = -2*f, -11*j + 10*j + 1 = f. Suppose -4*q + f*l + 17714 = 0, -3*q + 13290 = 3*l - 6*l. Is q a composite number?
True
Suppose 8730 = 6*h - 16*h. Is -2 - 18/(-3) - h a composite number?
False
Let u be ((-25)/5 + -1)*(-4)/6. Suppose -4*o + 0*d + d = -1281, -1290 = -u*o - 2*d. Is o a composite number?
True
Let z = -4179314 + 5860815. Is z prime?
True
Let u(c) be the third derivative of c**4/24 - 14*c**3/3 - 9*c**2. Let n be u(18). Is (n + -117)/(2/(-10)) a prime number?
False
Suppose 2*a + f - 5 = 0, -3*a - f + 3*f - 3 = 0. Let c(l) = -l**3 - 11*l**2 + 41*l + 33. Let o be c(-14). Let z = o - a. Is z a prime number?
False
Let g(l) = -69*l - 60. Let v be 92/184*(0 + -46). Is g(v) prime?
False
Let j = -477 - -471. Is j/9 + (-248430)/(-18) prime?
False
Let x be (-4)/34 + (-19331)/(-17). Suppose 4*j + 416 + 2616 = 0. Let y = j + x. Is y prime?
True
Is ((-2)/(-4))/(7/(-3957072)*-8) prime?
False
Let a(j) = 217*j**2 + 8*j + 121. Is a(40) a composite number?
True
Let h(d) = -613*d**3 - 7*d**2 - 23*d - 9. Is h(-8) a composite number?
False
Suppose 18 = -9*g + 12*g. Suppose -g*a + a = -a. Suppose 2*u = -a*u + 5558. Is u prime?
False
Is ((-70474655)/(-2658))/((-10)/(-24)) a prime number?
False
Let f = -31 - -54. Let t(p) = f + 69 - 26 + 183 - 5*p. Is t(0) a composite number?
True
Let j = 23849 - 12263. Is (j/(-15))/(6/10 + -1) prime?
True
Let m = -49 + 59. Suppose -4*k = -m*b + 5*b - 9332, 2*b - 2333 = -k. Is k prime?
True
Let y = 47699 - -474. Is y composite?
True
Let c(w) = 2*w**3 + 12*w**2 + 24*w + 3. Suppose -10 = -2*n - 3*n. Suppose 0 = 3*s + y - 28, 0 = s + s + 4*y - n. Is c(s) composite?
True
Is (-12 - -23 - 10)*137099 composite?
True
Let l = -17 + 21. Suppose 5*z = l*z + 4. Is 30 + 7 + (0 - z) prime?
False
Let w(d) = -68*d**3 - 172*d**2 - 111*d + 36. Is w(-25) composite?
False
Suppose c - 22*x - 31995 = -20*x, 0 = 2*x + 4. Is c a prime number?
True
Is (3 + -2)/(-8*(-7)/22308664) composite?
False
Let d be -3 - 12/(-3) - (4 + -6). Let v(x) = -x + 5. Let k be v(0). Suppose -12 = 4*t, -k*t + 164 = 4*s - d*s. Is s prime?
True
Let a(k) = 4709*k - 307. Is a(4) a prime number?
False
Let i(p) = -20399*p - 6. Let l be i(1). Let s = -13602 - l. Is s prime?
True
Suppose -3867 = -w + 16789. Suppose -w = -18*c + 2*c. Is c prime?
True
Suppose -a + 2*d + 57 + 22341 = 0, 2*a - 5*d - 44798 = 0. Let t = -5025 + a. Is t a composite number?
True
Let i be (-37261)/6 + (-18)/(-108). Let s = i + 2642. Is s/12*(-6)/4 a composite number?
True
Is (150529 - (5 - 3)) + 0/(-91) a prime number?
False
Suppose -2*p + 25 - 81 = 0. Is ((-248016)/(-14))/6 - 12/p prime?
True
Suppose -1514*r + 1398*r = -17949956. Is r a prime number?
False
Is (-1583955)/(-36) - (7/4)/(-7) a composite number?
True
Let n = -8343 - -13414. Let y = n - 3024. Is y prime?
False
Suppose -5*a + 3*z - 397121 = -1315411, 5*z + 367297 = 2*a. Is a a prime number?
True
Let x(b) = -b**2 + 33236. Let i be x(0). Suppose -5*l + 41545 = 4*t, t - i = -4*l + 5*t. Is l a prime number?
False
Is ((-12691889)/213)/(4/(-12)) a prime number?
False
Let q(a) = -4*a**3 - 33*a**2 + 6*a - 107. Is q(-24) prime?
True
Let o = 450 - 456. Is (o/(-18))/((-3)/(-16209)) a prime number?
True
Suppose -94 + 98 = -2*h. Let f(s) = -68*s**3 + 7*s**2 + 5*s + 1. Is f(h) a prime number?
True
Let b = -73772 + 193101. Is b prime?
False
Let y(q) = 3*q**3 + 9*q**2 - 8*q - 9. Let p(j) = j**2 + j + 1. Let r(t) = 2*p(t) - y(t). Let d be r(-9). Let k = -532 + d. Is k a composite number?
False
Let w(f) be the third derivative of 127*f**4/24 + 109*f**3/3 - 108*f**2. Is w(8) a composite number?
True
Let z(l) = -43 + l**2 - 12*l + 69 - 9*l. Let m be z(21). Is (-5343)/m*(-22)/3 a composite number?
True
Suppose -8*h - 158*h + 6471842 = 0. Is h a composite number?
True
Let v = 162 - 180. Is 734*(-1 - v/12) a composite number?
False
Suppose 4*c = -2*p - 129408, 63*p = -4*c + 67*p - 129420. Let r = -16484 - c. Is r a prime number?
False
Let h(c) = -c**3 + 3*c**2 - 3. Let z be h(5). Let q be (-7938)/(-32) + (-22)/352. Let x = q - z. Is x a composite number?
True
Let s be 14/77 + 93/33. Suppose s*f - 15610 = -7*f. Is f a composite number?
True
Let p(m) = 7*m**2 + 19*m - 4. Suppose 5*d - 25 = 5. Let o be p(d). Suppose -5*q + 12903 + o = 0. Is q pr